203. Is h composite?
True
Let g = 919239 + -550922. Is g composite?
True
Suppose 158571 - 36075 = -16*s. Let o = s - -10759. Is o a prime number?
False
Let r = -118309 + 207336. Is r a prime number?
False
Is (-468)/1716 - 11977656/(-33) a composite number?
True
Let j(l) = -l. Let p(f) = -91*f - 143. Let t(q) = -4*j(q) + p(q). Is t(-8) prime?
False
Is ((-10797)/6 + 3)*1/((-4)/88) composite?
True
Let r be 2*(-2373)/(-35)*(-40)/6. Is (2 + 0 - r) + (8 - 13) composite?
True
Let k(a) = -19898*a - 2569. Is k(-45) a composite number?
False
Suppose -5*s = -s + 2*i - 122, -s - 3*i + 18 = 0. Let d = s + -34. Is -23 + 28 - 1361*d prime?
False
Let s(k) be the second derivative of 385*k**3/3 + 29*k**2/2 + 48*k. Is s(6) a composite number?
False
Let y = -172377 - -255739. Is y prime?
False
Suppose 8*x + 0*x = 408. Let r = x + -49. Suppose r*t - 2287 = 1435. Is t a prime number?
True
Suppose 0 = 17*p - 18*p + 590. Let x = 1651 - p. Is x composite?
False
Suppose -4*w - 4*b = 1168, 4*w - b + 847 = -311. Let o = w - -636. Is o a prime number?
False
Suppose -d = 5*a - 1540732, -2*a - 112*d + 616290 = -113*d. Is a composite?
True
Suppose 0*t - 390 = -5*t. Let s = t + 407. Is s a prime number?
False
Let u = -4770 - -6509. Is u composite?
True
Let a be 6/(-21) + (-64)/(-28) + 4. Let x be 424/159*(0 - a/(-8)). Suppose 0 = -3*l - 2*o - 3*o + 1686, 1102 = x*l - 4*o. Is l a prime number?
True
Let p(k) = 3*k**3 - 35*k**2 - 6*k + 27. Let o = -134 - -153. Is p(o) composite?
True
Let q(u) be the first derivative of 47*u**5/120 + u**4/8 + u**3/3 - 2. Let c(j) be the third derivative of q(j). Is c(2) prime?
True
Suppose 22*h - 117*h + 889042 = 59*h. Is h composite?
True
Suppose f - 13 = 2*u, 3*f = -0*u + u + 24. Let h be -4*((-12)/(-21) + 37/(-28)). Suppose -f*z + 30310 = h*z. Is z composite?
True
Suppose 0 = 41*p + 37*p - 454144 - 4720922. Is p prime?
True
Suppose 3*y + 4*m - 62 = 0, -2*y - 3*y = 3*m - 96. Suppose -y*u = -150 - 30. Is ((-42484)/20 - -3)*u/(-4) prime?
True
Suppose i = -0*i + a + 9, 11 = 3*i + a. Let s be 3/(-6) + i/2 + 0. Suppose 0 = -s*o + 250 + 64. Is o composite?
False
Let g(p) = 215*p**3 - 3*p**2 + 26*p - 97. Is g(5) a prime number?
True
Suppose -3*q - v = -106438, -10*q - 5*v = -9*q - 35484. Is q a prime number?
False
Suppose 4*x + 2*w - 7263913 = -430161, -4*w - 8 = 0. Is x a prime number?
True
Let o be 13498 - 9/(-12)*-4. Suppose -4*a - 22848 = 2*i, -5*a = 2*i + o + 15065. Is a/(-15) + (-2)/(-10) composite?
True
Let b = 41679 + -17156. Is b a composite number?
True
Suppose -4*i = 2*i - 60. Let j = 13 - i. Is (6/(-4))/(j/(-284)) a prime number?
False
Let l = 35 - 30. Suppose -l*u - 22 = -2. Is 514/u*10/(-5) prime?
True
Suppose 52 + 8 = 4*v - 4*c, 3*v - 2*c = 43. Suppose v*j - 157089 = 16370. Is j prime?
False
Let s = -19 + -16. Let v be 130/s + 4 - (-52)/14. Suppose -v*f - 1357 = -9873. Is f a composite number?
False
Let q = 1613 + -430. Let y = -804 + q. Suppose -4*i + 5*i + l - y = 0, -1520 = -4*i - 2*l. Is i a prime number?
False
Let x be (-13 + 10)/(9/(-24)). Suppose g = 6*p - x*p + 609, 1545 = 5*p - 2*g. Is p a composite number?
False
Let y be (6/(-4))/(4/(-8)*1). Suppose -h - 260 = y*h. Let k = -34 - h. Is k a prime number?
True
Let h be 55/10 + (-3)/6. Let v be (h - -37)*(0 + 166/3). Suppose 10*z - v = 6*z. Is z a composite number?
True
Let a = 27 + -24. Suppose 130 + 50 = a*d. Suppose 2*l - 722 = -d. Is l a composite number?
False
Let s(g) = -3*g**3 - 144*g**2 + 58*g + 1936. Is s(-71) a composite number?
False
Let m(g) = -1824*g + 188. Let f be m(8). Let p = f + 25431. Is p composite?
False
Suppose -2*i = -3*i + b + 25010, 0 = 3*i + 4*b - 75051. Is i a composite number?
False
Suppose 0 = -3*k - 5*y + 11, 7*k - 5*y = 4*k + 1. Suppose -2*z + 3*z = -4*f + 2723, -k*f = -2*z + 5436. Is z a composite number?
False
Suppose 230 = -5*j + 245. Suppose -j*m = -o + 400, -3*m + 608 + 237 = 2*o. Is o a composite number?
True
Let b be ((-465477)/34)/(2/(-8)). Suppose -180*c + 174*c = -b. Is c a prime number?
True
Let v(n) be the third derivative of -43*n**4/24 - 11*n**3/6 + n**2 + 14. Is v(-12) composite?
True
Let j(z) = -z**3 + z**2 - 12*z + 12. Let v be j(1). Suppose v = 14*g + 8*g - 14894. Is g composite?
False
Suppose -29*h = -40691 - 560798. Is (-1)/(-1 + 20734/h) prime?
True
Suppose 0 = 7*b - 2*b - 3*c - 22, 0 = 2*b + c. Suppose -1470 = -b*p + 1844. Is p a prime number?
True
Suppose 498258431 = 232*b - 6081033. Is b prime?
True
Let i(w) = 22*w**2 - 9*w + 14. Let m(z) = z + 12. Let h be m(-6). Suppose a + h = 11. Is i(a) a prime number?
False
Let u be -2*(-3)/12*9202. Let f = -1504 + u. Is f a composite number?
True
Suppose -3*o + 5*c = 16, -o - 2 = 2*c - 3*c. Suppose o*q = -0*q + m - 20, 4*q + 35 = 3*m. Is (-4410)/q - (-12)/(-4) prime?
False
Let d(q) = 22*q - 21. Let j(w) = w**3 - 20*w**2 + 23*w - 10. Let x be j(19). Let m = x + -56. Is d(m) composite?
False
Let n be 11/(-5) + (-3)/(-15) + -268. Let u be 36/n + ((-24368)/(-30))/2. Suppose -u = -2*b + 46. Is b prime?
False
Let q = 73 + -54. Suppose 72 = q*m - m. Is 1*m/((-4)/(-1009)) a composite number?
False
Let n(a) = -897*a - 53. Let q be n(-17). Suppose 11*v = -q - 2976. Let t = v - -3293. Is t a prime number?
False
Let x = 79 + -156. Let u be (66/x)/((-4)/14*1). Let y(w) = 310*w - 11. Is y(u) composite?
False
Suppose -21421705 = 69*x - 274*x + 20*x. Is x prime?
True
Let t = 161 + 24. Let v = -70 - -69. Is (t - -4) + v*(0 + 2) a prime number?
False
Let o = 3257 + 476. Let h = o + -874. Is h a prime number?
False
Let o = -4 - -6. Suppose 203*b - 24 = 195*b. Is b/o*4328/12 a prime number?
True
Let w(h) = -421*h - 31. Let s be w(9). Let l = 6803 + s. Is l a composite number?
True
Let s(i) = -272 + 4*i + 269 + i**2 + 85*i**3 + 0*i**2 + 174*i**3. Is s(2) a prime number?
True
Suppose s - 3*o = 33, -4*s - 4*o + 148 = -0*s. Let a = s - -3. Suppose -d - a = -134. Is d a prime number?
False
Let d(b) = -1760*b**3 - 81*b**2 - 333*b + 5. Is d(-4) a composite number?
True
Let t(c) = c + 3. Suppose 0*u = -5*u - 5. Let d be t(u). Is 2/(-1) + d + 83 composite?
False
Let a(n) = -3*n**3 + 8*n**2 + 30*n - 10. Let o be a(-6). Let v = 9045 - o. Is v composite?
True
Let o(h) = h**3 + 98*h**2 + 109*h - 95. Is o(-47) composite?
False
Suppose 6655 = 7*w + 4*w. Let f = w - 1129. Let x = -217 - f. Is x a prime number?
True
Let r(i) = 4*i**2 + 15. Let z be 64/(-6) - (-1 - 16/(-12)). Is r(z) a composite number?
False
Let m = -109 - -138. Suppose 0 = -m*q - 3*q + 28832. Is q composite?
True
Let l(h) = h**3 - 10*h**2 + 14*h + 20. Let g be l(8). Suppose 3*j - 82446 = -g*m - 20254, 4 = -j. Is m prime?
True
Let o(q) = -269*q**3 + 5*q + 245*q**3 + 13 + 3*q**2 + 1. Is o(-3) a composite number?
True
Let h be (-1 - -34)*(23/(-3))/23. Let f(i) = -6*i**3 - 3*i**2 + 29*i + 5. Is f(h) a composite number?
False
Suppose -2*z = -t - 308790, z + 771981 = 6*z - t. Is z composite?
True
Let t = -664992 + 1118935. Is t a composite number?
True
Is (-4 + 13340)/(-8)*((-9 - 64) + 6) composite?
True
Let a = -73581 - -207350. Is a a composite number?
False
Let p = -8923 - -16911. Let g = p + -5593. Is g composite?
True
Let c(d) = d**3 + 22*d**2 + d - 5. Let f(z) = z**2 + 3*z - 1. Let t(j) = -c(j) + 6*f(j). Let b be (-6)/(-1 + 26/20). Is t(b) a composite number?
False
Let k be (-1)/(-4) + 70/8 + -3. Is k/9*(6978/4)/1 composite?
False
Suppose -4*f = 5*b - 1120, 2*b - 649 = -5*f - 184. Let y be (126/1)/((-2)/15*-1). Suppose 0 = 5*w - b - y. Is w a composite number?
False
Let m = 3058 + -1411. Suppose 5*o + 1321 = z, 2*z + 4*o = m + 1065. Suppose 5*p + z = -0*u + 2*u, 4*u - 3*p - 2692 = 0. Is u composite?
False
Is (-27)/((-270)/50)*(0 - 1) + 198583 a composite number?
True
Let l = -12079 - -18529. Let h = l - 3547. Is h a prime number?
True
Let b(t) = -t**2 + 2*t + 11. Suppose 13*h - 10*h - 12 = 0. Let d be b(h). Let q(o) = 71*o**2 - 4*o + 6. Is q(d) a prime number?
False
Let s be (-126014)/56 - -3*(-4)/16. Let x = 4134 - s. Is x prime?
False
Suppose 90*s - 95*s = 25. Is s/(25/3) - (-86838)/30 a prime number?
False
Is ((-5)/(-30)*-6)/(2 - (-201827)/(-100913)) a prime number?
True
Suppose 0 = 14*t - 17*t + 45. Suppose -h - 5*f = 25, 3*h - 3*f - t = 2*h. Suppose h = 2*s + 2*u - 48, -2*s + 41 = -2*u + 1. Is s a composite number?
True
Suppose 29*p - 39409529 